Last updated on 2025-02-04 02:50:07 CET.
Flavor | Version | Tinstall | Tcheck | Ttotal | Status | Flags |
---|---|---|---|---|---|---|
r-devel-linux-x86_64-debian-clang | 1.1.7 | 29.06 | 65.05 | 94.11 | NOTE | |
r-devel-linux-x86_64-debian-gcc | 1.1.7 | 21.27 | 40.99 | 62.26 | NOTE | |
r-devel-linux-x86_64-fedora-clang | 1.1.7 | 162.86 | OK | |||
r-devel-linux-x86_64-fedora-gcc | 1.1.7 | 149.02 | OK | |||
r-devel-windows-x86_64 | 1.1.7 | 33.00 | 77.00 | 110.00 | NOTE | |
r-patched-linux-x86_64 | 1.1.7 | 35.01 | 55.66 | 90.67 | OK | |
r-release-linux-x86_64 | 1.1.7 | 31.40 | 56.04 | 87.44 | OK | |
r-release-macos-arm64 | 1.1.7 | 44.00 | OK | |||
r-release-macos-x86_64 | 1.1.7 | 54.00 | OK | |||
r-release-windows-x86_64 | 1.1.7 | 32.00 | 82.00 | 114.00 | OK | |
r-oldrel-macos-arm64 | 1.1.7 | 47.00 | OK | |||
r-oldrel-macos-x86_64 | 1.1.7 | 73.00 | OK | |||
r-oldrel-windows-x86_64 | 1.1.7 | 37.00 | 97.00 | 134.00 | OK |
Version: 1.1.7
Check: Rd cross-references
Result: NOTE
Found the following Rd file(s) with Rd \link{} targets missing package
anchors:
plot.epictmcmc.Rd: mcmc, plot.mcmc
summary.epictmcmc.Rd: mcmc
Please provide package anchors for all Rd \link{} targets not in the
package itself and the base packages.
Flavors: r-devel-linux-x86_64-debian-clang, r-devel-linux-x86_64-debian-gcc, r-devel-windows-x86_64