Last updated on 2024-07-01 04:48:31 CEST.
Flavor | Version | Tinstall | Tcheck | Ttotal | Status | Flags |
---|---|---|---|---|---|---|
r-devel-linux-x86_64-debian-clang | 0.0.102 | 2.87 | 36.65 | 39.52 | OK | |
r-devel-linux-x86_64-debian-gcc | 0.0.102 | 3.03 | 28.78 | 31.81 | OK | |
r-devel-linux-x86_64-fedora-clang | 0.0.102 | 50.87 | NOTE | |||
r-devel-linux-x86_64-fedora-gcc | 0.0.102 | 51.05 | NOTE | |||
r-devel-windows-x86_64 | 0.0.102 | 5.00 | 52.00 | 57.00 | OK | |
r-patched-linux-x86_64 | 0.0.102 | 2.98 | 35.83 | 38.81 | OK | |
r-release-linux-x86_64 | 0.0.102 | 2.44 | 35.46 | 37.90 | OK | |
r-release-macos-arm64 | 0.0.102 | 21.00 | OK | |||
r-release-macos-x86_64 | 0.0.102 | 29.00 | OK | |||
r-release-windows-x86_64 | 0.0.102 | 6.00 | 52.00 | 58.00 | OK | |
r-oldrel-macos-arm64 | 0.0.102 | 24.00 | OK | |||
r-oldrel-macos-x86_64 | 0.0.102 | 38.00 | OK | |||
r-oldrel-windows-x86_64 | 0.0.102 | 6.00 | 61.00 | 67.00 | OK |
Version: 0.0.102
Check: dependencies in R code
Result: NOTE
Namespaces in Imports field not imported from:
‘Hmisc’ ‘class’ ‘e1071’ ‘gam’ ‘gbm’ ‘glmnet’ ‘randomForest’ ‘weights’
‘xgboost’
All declared Imports should be used.
Flavors: r-devel-linux-x86_64-fedora-clang, r-devel-linux-x86_64-fedora-gcc