Last updated on 2024-07-01 04:48:32 CEST.
Flavor | Version | Tinstall | Tcheck | Ttotal | Status | Flags |
---|---|---|---|---|---|---|
r-devel-linux-x86_64-debian-clang | 1.7.4 | 38.53 | 123.90 | 162.43 | NOTE | |
r-devel-linux-x86_64-debian-gcc | 1.7.4 | 31.68 | 93.35 | 125.03 | NOTE | |
r-devel-linux-x86_64-fedora-clang | 1.7.4 | 226.97 | NOTE | |||
r-devel-linux-x86_64-fedora-gcc | 1.7.4 | 215.19 | NOTE | |||
r-devel-windows-x86_64 | 1.7.4 | 37.00 | 125.00 | 162.00 | NOTE | |
r-patched-linux-x86_64 | 1.7.4 | 35.38 | 117.39 | 152.77 | NOTE | |
r-release-linux-x86_64 | 1.7.4 | 37.80 | 120.58 | 158.38 | NOTE | |
r-release-macos-arm64 | 1.7.4 | 54.00 | NOTE | |||
r-release-macos-x86_64 | 1.7.4 | 111.00 | NOTE | |||
r-release-windows-x86_64 | 1.7.4 | 39.00 | 126.00 | 165.00 | NOTE | |
r-oldrel-macos-arm64 | 1.7.4 | 57.00 | NOTE | |||
r-oldrel-macos-x86_64 | 1.7.4 | 106.00 | NOTE | |||
r-oldrel-windows-x86_64 | 1.7.4 | 47.00 | 163.00 | 210.00 | NOTE |
Version: 1.7.4
Check: C++ specification
Result: NOTE
Specified C++11: please drop specification unless essential
Flavors: r-devel-linux-x86_64-debian-clang, r-devel-linux-x86_64-debian-gcc, r-devel-linux-x86_64-fedora-clang, r-devel-linux-x86_64-fedora-gcc, r-devel-windows-x86_64, r-patched-linux-x86_64, r-release-linux-x86_64, r-release-macos-arm64, r-release-macos-x86_64, r-release-windows-x86_64, r-oldrel-macos-arm64, r-oldrel-macos-x86_64, r-oldrel-windows-x86_64