Last updated on 2025-02-04 02:50:06 CET.
Flavor | Version | Tinstall | Tcheck | Ttotal | Status | Flags |
---|---|---|---|---|---|---|
r-devel-linux-x86_64-debian-clang | 1.1.0 | 3.99 | 28.08 | 32.07 | OK | |
r-devel-linux-x86_64-debian-gcc | 1.1.0 | 2.54 | 20.04 | 22.58 | OK | |
r-devel-linux-x86_64-fedora-clang | 1.1.0 | 52.42 | OK | |||
r-devel-linux-x86_64-fedora-gcc | 1.1.0 | 48.43 | OK | |||
r-devel-windows-x86_64 | 1.1.0 | 5.00 | 52.00 | 57.00 | OK | |
r-patched-linux-x86_64 | 1.1.0 | 3.93 | 26.49 | 30.42 | NOTE | |
r-release-linux-x86_64 | 1.1.0 | 2.73 | 26.57 | 29.30 | NOTE | |
r-release-macos-arm64 | 1.1.0 | 18.00 | NOTE | |||
r-release-macos-x86_64 | 1.1.0 | 27.00 | NOTE | |||
r-release-windows-x86_64 | 1.1.0 | 6.00 | 56.00 | 62.00 | NOTE | |
r-oldrel-macos-arm64 | 1.1.0 | 20.00 | NOTE | |||
r-oldrel-macos-x86_64 | 1.1.0 | 27.00 | NOTE | |||
r-oldrel-windows-x86_64 | 1.1.0 | 6.00 | 52.00 | 58.00 | NOTE |
Version: 1.1.0
Check: LazyData
Result: NOTE
'LazyData' is specified without a 'data' directory
Flavors: r-patched-linux-x86_64, r-release-linux-x86_64, r-release-macos-arm64, r-release-macos-x86_64, r-release-windows-x86_64, r-oldrel-macos-arm64, r-oldrel-macos-x86_64, r-oldrel-windows-x86_64