Last updated on 2024-07-01 04:48:30 CEST.
Flavor | Version | Tinstall | Tcheck | Ttotal | Status | Flags |
---|---|---|---|---|---|---|
r-devel-linux-x86_64-debian-clang | 0.1.5 | 12.49 | 370.40 | 382.89 | NOTE | |
r-devel-linux-x86_64-debian-gcc | 0.1.5 | 8.30 | 282.61 | 290.91 | NOTE | |
r-devel-linux-x86_64-fedora-clang | 0.1.5 | 455.46 | NOTE | |||
r-devel-linux-x86_64-fedora-gcc | 0.1.5 | 486.18 | NOTE | |||
r-devel-windows-x86_64 | 0.1.5 | 10.00 | 338.00 | 348.00 | NOTE | |
r-patched-linux-x86_64 | 0.1.5 | 10.26 | 367.20 | 377.46 | NOTE | |
r-release-linux-x86_64 | 0.1.5 | 12.23 | 473.60 | 485.83 | NOTE | |
r-release-macos-arm64 | 0.1.5 | 171.00 | NOTE | |||
r-release-macos-x86_64 | 0.1.5 | 272.00 | NOTE | |||
r-release-windows-x86_64 | 0.1.5 | 11.00 | 329.00 | 340.00 | NOTE | |
r-oldrel-macos-arm64 | 0.1.5 | 189.00 | NOTE | |||
r-oldrel-macos-x86_64 | 0.1.5 | 427.00 | NOTE | |||
r-oldrel-windows-x86_64 | 0.1.5 | 13.00 | 363.00 | 376.00 | NOTE |
Version: 0.1.5
Check: Rd files
Result: NOTE
checkRd: (-1) KCI.Rd:44: Lost braces
44 | \item \code{testStatistic} the statistic Tr(K_{(ddot{(Y)}|X)} * K_{(E|X)})
| ^
checkRd: (-1) KCI.Rd:44: Lost braces
44 | \item \code{testStatistic} the statistic Tr(K_{(ddot{(Y)}|X)} * K_{(E|X)})
| ^
checkRd: (-1) KCI.Rd:44: Lost braces; missing escapes or markup?
44 | \item \code{testStatistic} the statistic Tr(K_{(ddot{(Y)}|X)} * K_{(E|X)})
| ^
Flavors: r-devel-linux-x86_64-debian-clang, r-devel-linux-x86_64-debian-gcc, r-devel-linux-x86_64-fedora-clang, r-devel-linux-x86_64-fedora-gcc, r-devel-windows-x86_64, r-patched-linux-x86_64, r-release-linux-x86_64, r-release-macos-arm64, r-release-macos-x86_64, r-release-windows-x86_64
Version: 0.1.5
Check: LazyData
Result: NOTE
'LazyData' is specified without a 'data' directory
Flavors: r-devel-linux-x86_64-debian-clang, r-devel-linux-x86_64-debian-gcc, r-devel-linux-x86_64-fedora-clang, r-devel-linux-x86_64-fedora-gcc, r-devel-windows-x86_64, r-patched-linux-x86_64, r-release-linux-x86_64, r-release-macos-arm64, r-release-macos-x86_64, r-release-windows-x86_64, r-oldrel-macos-arm64, r-oldrel-macos-x86_64, r-oldrel-windows-x86_64