Last updated on 2024-07-01 04:48:29 CEST.
Flavor | Version | Tinstall | Tcheck | Ttotal | Status | Flags |
---|---|---|---|---|---|---|
r-devel-linux-x86_64-debian-clang | 2.0.3 | 23.03 | 54.76 | 77.79 | NOTE | |
r-devel-linux-x86_64-debian-gcc | 2.0.3 | 18.85 | 38.98 | 57.83 | NOTE | |
r-devel-linux-x86_64-fedora-clang | 2.0.3 | 108.08 | NOTE | |||
r-devel-linux-x86_64-fedora-gcc | 2.0.3 | 105.40 | NOTE | |||
r-devel-windows-x86_64 | 2.0.3 | 22.00 | 77.00 | 99.00 | NOTE | |
r-patched-linux-x86_64 | 2.0.3 | 22.13 | 52.32 | 74.45 | NOTE | |
r-release-linux-x86_64 | 2.0.3 | 24.78 | 53.52 | 78.30 | NOTE | |
r-release-macos-arm64 | 2.0.3 | 28.00 | NOTE | |||
r-release-macos-x86_64 | 2.0.3 | 41.00 | NOTE | |||
r-release-windows-x86_64 | 2.0.3 | 21.00 | 80.00 | 101.00 | NOTE | |
r-oldrel-macos-arm64 | 2.0.3 | 30.00 | NOTE | |||
r-oldrel-macos-x86_64 | 2.0.3 | 49.00 | NOTE | |||
r-oldrel-windows-x86_64 | 2.0.3 | 26.00 | 87.00 | 113.00 | NOTE |
Version: 2.0.3
Check: C++ specification
Result: NOTE
Specified C++14: please drop specification unless essential
Flavors: r-devel-linux-x86_64-debian-clang, r-devel-linux-x86_64-debian-gcc, r-devel-linux-x86_64-fedora-clang, r-devel-linux-x86_64-fedora-gcc, r-devel-windows-x86_64, r-patched-linux-x86_64, r-release-linux-x86_64, r-release-macos-arm64, r-release-macos-x86_64, r-release-windows-x86_64, r-oldrel-macos-arm64, r-oldrel-macos-x86_64, r-oldrel-windows-x86_64