Last updated on 2024-07-02 05:58:10 CEST.
Flavor | Version | Tinstall | Tcheck | Ttotal | Status | Flags |
---|---|---|---|---|---|---|
r-devel-linux-x86_64-debian-clang | 2.3.3 | 1.89 | 28.85 | 30.74 | NOTE | |
r-devel-linux-x86_64-debian-gcc | 2.3.3 | 2.39 | 21.84 | 24.23 | NOTE | |
r-devel-linux-x86_64-fedora-clang | 2.3.3 | 39.59 | NOTE | |||
r-devel-linux-x86_64-fedora-gcc | 2.3.3 | 37.12 | NOTE | |||
r-devel-windows-x86_64 | 2.3.3 | 5.00 | 44.00 | 49.00 | OK | |
r-patched-linux-x86_64 | 2.3.3 | 3.01 | 26.57 | 29.58 | NOTE | |
r-release-linux-x86_64 | 2.3.3 | 2.60 | 26.85 | 29.45 | NOTE | |
r-release-macos-arm64 | 2.3.3 | 16.00 | OK | |||
r-release-macos-x86_64 | 2.3.3 | 25.00 | OK | |||
r-release-windows-x86_64 | 2.3.3 | 3.00 | 41.00 | 44.00 | OK | |
r-oldrel-macos-arm64 | 2.3.3 | 17.00 | OK | |||
r-oldrel-macos-x86_64 | 2.3.3 | 22.00 | OK | |||
r-oldrel-windows-x86_64 | 2.3.3 | 7.00 | 43.00 | 50.00 | OK |
Version: 2.3.3
Check: for non-standard things in the check directory
Result: NOTE
Found the following files/directories:
‘Hello.csv’
Flavors: r-devel-linux-x86_64-debian-clang, r-devel-linux-x86_64-debian-gcc, r-devel-linux-x86_64-fedora-clang, r-devel-linux-x86_64-fedora-gcc, r-patched-linux-x86_64, r-release-linux-x86_64