Last updated on 2024-07-01 04:48:28 CEST.
Flavor | Version | Tinstall | Tcheck | Ttotal | Status | Flags |
---|---|---|---|---|---|---|
r-devel-linux-x86_64-debian-clang | 0.1.5 | 772.03 | 237.10 | 1009.13 | NOTE | |
r-devel-linux-x86_64-debian-gcc | 0.1.5 | 644.98 | 223.90 | 868.88 | NOTE | |
r-devel-linux-x86_64-fedora-clang | 0.1.5 | 1235.10 | NOTE | |||
r-devel-linux-x86_64-fedora-gcc | 0.1.5 | 1764.93 | NOTE | |||
r-devel-windows-x86_64 | 0.1.5 | 601.00 | 243.00 | 844.00 | NOTE | |
r-patched-linux-x86_64 | 0.1.5 | 513.72 | 294.17 | 807.89 | NOTE | |
r-release-linux-x86_64 | 0.1.5 | 555.11 | 295.39 | 850.50 | NOTE | |
r-release-macos-arm64 | 0.1.5 | 313.00 | NOTE | |||
r-release-macos-x86_64 | 0.1.5 | 410.00 | NOTE | |||
r-release-windows-x86_64 | 0.1.5 | 599.00 | 243.00 | 842.00 | NOTE | |
r-oldrel-macos-arm64 | 0.1.5 | 347.00 | NOTE | |||
r-oldrel-macos-x86_64 | 0.1.5 | 528.00 | NOTE | |||
r-oldrel-windows-x86_64 | 0.1.5 | 737.00 | 304.00 | 1041.00 | NOTE |
Version: 0.1.5
Check: for GNU extensions in Makefiles
Result: NOTE
GNU make is a SystemRequirements.
Flavors: r-devel-linux-x86_64-debian-clang, r-devel-linux-x86_64-debian-gcc, r-devel-linux-x86_64-fedora-clang, r-devel-linux-x86_64-fedora-gcc, r-devel-windows-x86_64, r-patched-linux-x86_64, r-release-linux-x86_64, r-release-macos-arm64, r-release-macos-x86_64, r-release-windows-x86_64, r-oldrel-macos-arm64, r-oldrel-macos-x86_64, r-oldrel-windows-x86_64
Version: 0.1.5
Check: installed package size
Result: NOTE
installed size is 6.7Mb
sub-directories of 1Mb or more:
libs 6.3Mb
Flavors: r-devel-linux-x86_64-fedora-clang, r-devel-windows-x86_64, r-release-macos-arm64, r-release-macos-x86_64, r-release-windows-x86_64, r-oldrel-macos-arm64, r-oldrel-macos-x86_64, r-oldrel-windows-x86_64
Version: 0.1.5
Check: dependencies in R code
Result: NOTE
Namespaces in Imports field not imported from:
‘RcppParallel’ ‘rstantools’
All declared Imports should be used.
Flavors: r-devel-linux-x86_64-fedora-clang, r-devel-linux-x86_64-fedora-gcc