Last updated on 2024-07-01 04:48:28 CEST.
Flavor | Version | Tinstall | Tcheck | Ttotal | Status | Flags |
---|---|---|---|---|---|---|
r-devel-linux-x86_64-debian-clang | 0.9 | 5.82 | 46.06 | 51.88 | NOTE | |
r-devel-linux-x86_64-debian-gcc | 0.9 | 4.13 | 33.40 | 37.53 | NOTE | |
r-devel-linux-x86_64-fedora-clang | 0.9 | 62.20 | NOTE | |||
r-devel-linux-x86_64-fedora-gcc | 0.9 | 60.91 | NOTE | |||
r-devel-windows-x86_64 | 0.9 | 6.00 | 59.00 | 65.00 | NOTE | |
r-patched-linux-x86_64 | 0.9 | 7.90 | 43.92 | 51.82 | NOTE | |
r-release-linux-x86_64 | 0.9 | 5.62 | 43.19 | 48.81 | NOTE | |
r-release-macos-arm64 | 0.9 | 23.00 | NOTE | |||
r-release-macos-x86_64 | 0.9 | 36.00 | NOTE | |||
r-release-windows-x86_64 | 0.9 | 6.00 | 61.00 | 67.00 | NOTE | |
r-oldrel-macos-arm64 | 0.9 | 22.00 | OK | |||
r-oldrel-macos-x86_64 | 0.9 | 30.00 | OK | |||
r-oldrel-windows-x86_64 | 0.9 | 7.00 | 66.00 | 73.00 | OK |
Version: 0.9
Check: Rd files
Result: NOTE
checkRd: (-1) ringApply.Rd:9: Lost braces; missing escapes or markup?
9 | \item{lv}{{numeric} position, or {character} name, of an
| ^
Flavors: r-devel-linux-x86_64-debian-clang, r-devel-linux-x86_64-debian-gcc, r-devel-linux-x86_64-fedora-clang, r-devel-linux-x86_64-fedora-gcc, r-devel-windows-x86_64, r-patched-linux-x86_64, r-release-linux-x86_64, r-release-macos-arm64, r-release-macos-x86_64, r-release-windows-x86_64