Last updated on 2024-07-01 04:48:28 CEST.
Flavor | Version | Tinstall | Tcheck | Ttotal | Status | Flags |
---|---|---|---|---|---|---|
r-devel-linux-x86_64-debian-clang | 0.1.6 | 19.74 | 194.49 | 214.23 | OK | |
r-devel-linux-x86_64-debian-gcc | 0.1.6 | 16.18 | 143.68 | 159.86 | OK | |
r-devel-linux-x86_64-fedora-clang | 0.1.6 | 289.74 | WARN | |||
r-devel-linux-x86_64-fedora-gcc | 0.1.6 | 264.77 | WARN | |||
r-devel-windows-x86_64 | 0.1.6 | 19.00 | 137.00 | 156.00 | OK | |
r-patched-linux-x86_64 | 0.1.6 | 18.15 | 183.57 | 201.72 | OK | |
r-release-linux-x86_64 | 0.1.6 | 20.26 | 186.14 | 206.40 | OK | |
r-release-macos-arm64 | 0.1.6 | 73.00 | OK | |||
r-release-macos-x86_64 | 0.1.6 | 113.00 | OK | |||
r-release-windows-x86_64 | 0.1.6 | 20.00 | 142.00 | 162.00 | OK | |
r-oldrel-macos-arm64 | 0.1.6 | 6.00 | ERROR | |||
r-oldrel-macos-x86_64 | 0.1.6 | 134.00 | OK | |||
r-oldrel-windows-x86_64 | 0.1.6 | 27.00 | 180.00 | 207.00 | OK |
Version: 0.1.6
Check: package dependencies
Result: WARN
Requires orphaned package: ‘pamr’
Flavors: r-devel-linux-x86_64-fedora-clang, r-devel-linux-x86_64-fedora-gcc
Version: 0.1.6
Check: package dependencies
Result: ERROR
Packages required but not available: 'siggenes', 'clusterProfiler'
See section ‘The DESCRIPTION file’ in the ‘Writing R Extensions’
manual.
Flavor: r-oldrel-macos-arm64