Last updated on 2024-07-01 04:48:27 CEST.
Flavor | Version | Tinstall | Tcheck | Ttotal | Status | Flags |
---|---|---|---|---|---|---|
r-devel-linux-x86_64-debian-clang | 2.3.4 | 497.05 | 75.37 | 572.42 | NOTE | |
r-devel-linux-x86_64-debian-gcc | 2.3.4 | 328.81 | 87.01 | 415.82 | NOTE | |
r-devel-linux-x86_64-fedora-clang | 2.3.4 | 862.28 | NOTE | |||
r-devel-linux-x86_64-fedora-gcc | 2.3.4 | 824.70 | NOTE | |||
r-devel-windows-x86_64 | 2.3.4 | 321.00 | 108.00 | 429.00 | NOTE | |
r-patched-linux-x86_64 | 2.3.4 | 385.87 | 85.74 | 471.61 | NOTE | |
r-release-linux-x86_64 | 2.3.4 | 354.62 | 76.78 | 431.40 | NOTE | |
r-release-macos-arm64 | 2.3.4 | 192.00 | NOTE | |||
r-release-macos-x86_64 | 2.3.4 | 161.00 | NOTE | |||
r-release-windows-x86_64 | 2.3.4 | 321.00 | 108.00 | 429.00 | NOTE | |
r-oldrel-macos-arm64 | 2.3.4 | 264.00 | NOTE | |||
r-oldrel-macos-x86_64 | 2.3.4 | 406.00 | NOTE | |||
r-oldrel-windows-x86_64 | 2.3.4 | 401.00 | 133.00 | 534.00 | NOTE |
Version: 2.3.4
Check: C++ specification
Result: NOTE
Specified C++11: please drop specification unless essential
Flavors: r-devel-linux-x86_64-debian-clang, r-devel-linux-x86_64-debian-gcc, r-devel-linux-x86_64-fedora-clang, r-devel-linux-x86_64-fedora-gcc, r-devel-windows-x86_64, r-patched-linux-x86_64, r-release-linux-x86_64, r-release-macos-arm64, r-release-macos-x86_64, r-release-windows-x86_64, r-oldrel-macos-arm64, r-oldrel-macos-x86_64, r-oldrel-windows-x86_64
Version: 2.3.4
Check: LazyData
Result: NOTE
'LazyData' is specified without a 'data' directory
Flavors: r-devel-linux-x86_64-debian-clang, r-devel-linux-x86_64-debian-gcc, r-devel-linux-x86_64-fedora-clang, r-devel-linux-x86_64-fedora-gcc, r-devel-windows-x86_64, r-patched-linux-x86_64, r-release-linux-x86_64, r-release-macos-arm64, r-release-macos-x86_64, r-release-windows-x86_64, r-oldrel-macos-arm64, r-oldrel-macos-x86_64, r-oldrel-windows-x86_64
Version: 2.3.4
Check: installed package size
Result: NOTE
installed size is 28.8Mb
sub-directories of 1Mb or more:
cereal 1.4Mb
libs 27.3Mb
Flavors: r-release-macos-arm64, r-release-macos-x86_64, r-oldrel-macos-arm64, r-oldrel-macos-x86_64